{"id":961,"date":"2026-05-10T01:09:29","date_gmt":"2026-05-10T01:09:29","guid":{"rendered":"https:\/\/ferreteriaaldia.com\/shop\/?post_type=product&#038;p=961"},"modified":"2026-05-10T01:09:36","modified_gmt":"2026-05-10T01:09:36","slug":"sifon-grival-en-p-cromado","status":"publish","type":"product","link":"https:\/\/ferreteriaaldia.com\/shop\/producto\/sifon-grival-en-p-cromado\/","title":{"rendered":"SIF\u00d3N GRIVAL EN P CROMADO"},"content":{"rendered":"<ul>\n<li>F\u00e1cil proceso de instalaci\u00f3n.<\/li>\n<li>Incluye adaptador r\u00edgido para instalaci\u00f3n a pared.<\/li>\n<li>Acabado cromado de alta resistencia y durabilidad.<\/li>\n<li>Escudo de di\u00e1metro amplio para cubrir imperfecciones en la pared durante la instalaci\u00f3n<\/li>\n<\/ul>\n<h4><a href=\"https:\/\/ferreteriaaldia.com\/wp-content\/uploads\/2020\/10\/Ficha-T\u00e9cnica-SIF\u00d3N-GRIVAL-EN-P-CROMADO-Al-d\u00eda.pdf\" target=\"_blank\" rel=\"noopener noreferrer\"><img decoding=\"async\" class=\"alignnone wp-image-4010\" src=\"https:\/\/ferreteriaaldia.com\/wp-content\/uploads\/2020\/08\/27-300x300.png\" alt=\"\" width=\"50\" height=\"50\" \/><\/a>\u00a0Ficha T\u00e9cnica<\/h4>\n<h4>CUIDADOS DE LIMPIEZA<\/h4>\n<p>La limpieza profunda del producto se debe hacer \u00fanicamente con agua y jab\u00f3n suave, para el secado y brillo se debe utilizar un pa\u00f1o de algod\u00f3n limpio. Dicha limpieza se recomienda 2 veces por semana y en zonas costeras a diario por la salinidad del ambiente. Por ning\u00fan motivo debe usarse elementos abrasivos, \u00e1cidos o disolventes.<\/p>\n","protected":false},"excerpt":{"rendered":"<p>F\u00e1cil proceso de instalaci\u00f3n. Incluye adaptador r\u00edgido para instalaci\u00f3n a pared. Acabado cromado de alta resistencia y durabilidad. Escudo de di\u00e1metro amplio para cubrir imperfecciones en la pared durante la instalaci\u00f3n \u00a0Ficha T\u00e9cnica CUIDADOS DE LIMPIEZA La limpieza profunda del producto se debe hacer \u00fanicamente con agua y jab\u00f3n suave, para el secado y brillo [&hellip;]<\/p>\n","protected":false},"featured_media":990,"comment_status":"closed","ping_status":"closed","template":"","meta":{"_joinchat":[]},"product_brand":[479],"product_cat":[612],"product_tag":[361,614,362],"class_list":["post-961","product","type-product","status-publish","has-post-thumbnail","product_brand-grival","product_cat-sifon","product_tag-cocina","product_tag-desague","product_tag-lavaplatos","first","instock","taxable","shipping-taxable","product-type-simple"],"yoast_head":"<!-- This site is optimized with the Yoast SEO plugin v27.5 - https:\/\/yoast.com\/product\/yoast-seo-wordpress\/ -->\n<title>SIF\u00d3N GRIVAL EN P CROMADO - Ferreteria al Dia<\/title>\n<meta name=\"robots\" content=\"index, follow, max-snippet:-1, max-image-preview:large, max-video-preview:-1\" \/>\n<link rel=\"canonical\" href=\"https:\/\/ferreteriaaldia.com\/shop\/producto\/sifon-grival-en-p-cromado\/\" \/>\n<meta property=\"og:locale\" content=\"es_ES\" \/>\n<meta property=\"og:type\" content=\"article\" \/>\n<meta property=\"og:title\" content=\"SIF\u00d3N GRIVAL EN P CROMADO - Ferreteria al Dia\" \/>\n<meta property=\"og:description\" content=\"F\u00e1cil proceso de instalaci\u00f3n. Incluye adaptador r\u00edgido para instalaci\u00f3n a pared. Acabado cromado de alta resistencia y durabilidad. Escudo de di\u00e1metro amplio para cubrir imperfecciones en la pared durante la instalaci\u00f3n \u00a0Ficha T\u00e9cnica CUIDADOS DE LIMPIEZA La limpieza profunda del producto se debe hacer \u00fanicamente con agua y jab\u00f3n suave, para el secado y brillo [&hellip;]\" \/>\n<meta property=\"og:url\" content=\"https:\/\/ferreteriaaldia.com\/shop\/producto\/sifon-grival-en-p-cromado\/\" \/>\n<meta property=\"og:site_name\" content=\"Ferreteria al Dia\" \/>\n<meta property=\"article:modified_time\" content=\"2026-05-10T01:09:36+00:00\" \/>\n<meta property=\"og:image\" content=\"https:\/\/ferreteriaaldia.com\/shop\/wp-content\/uploads\/2026\/05\/SIFON-GRIVAL-EN-P-CROMADO-Al-dia.jpg\" \/>\n\t<meta property=\"og:image:width\" content=\"622\" \/>\n\t<meta property=\"og:image:height\" content=\"462\" \/>\n\t<meta property=\"og:image:type\" content=\"image\/jpeg\" \/>\n<meta name=\"twitter:card\" content=\"summary_large_image\" \/>\n<meta name=\"twitter:label1\" content=\"Tiempo de lectura\" \/>\n\t<meta name=\"twitter:data1\" content=\"1 minuto\" \/>\n<script type=\"application\/ld+json\" class=\"yoast-schema-graph\">{\"@context\":\"https:\\\/\\\/schema.org\",\"@graph\":[{\"@type\":\"WebPage\",\"@id\":\"https:\\\/\\\/ferreteriaaldia.com\\\/shop\\\/producto\\\/sifon-grival-en-p-cromado\\\/\",\"url\":\"https:\\\/\\\/ferreteriaaldia.com\\\/shop\\\/producto\\\/sifon-grival-en-p-cromado\\\/\",\"name\":\"SIF\u00d3N GRIVAL EN P CROMADO - Ferreteria al Dia\",\"isPartOf\":{\"@id\":\"https:\\\/\\\/ferreteriaaldia.com\\\/shop\\\/#website\"},\"primaryImageOfPage\":{\"@id\":\"https:\\\/\\\/ferreteriaaldia.com\\\/shop\\\/producto\\\/sifon-grival-en-p-cromado\\\/#primaryimage\"},\"image\":{\"@id\":\"https:\\\/\\\/ferreteriaaldia.com\\\/shop\\\/producto\\\/sifon-grival-en-p-cromado\\\/#primaryimage\"},\"thumbnailUrl\":\"https:\\\/\\\/ferreteriaaldia.com\\\/shop\\\/wp-content\\\/uploads\\\/2026\\\/05\\\/SIFON-GRIVAL-EN-P-CROMADO-Al-dia.jpg\",\"datePublished\":\"2026-05-10T01:09:29+00:00\",\"dateModified\":\"2026-05-10T01:09:36+00:00\",\"breadcrumb\":{\"@id\":\"https:\\\/\\\/ferreteriaaldia.com\\\/shop\\\/producto\\\/sifon-grival-en-p-cromado\\\/#breadcrumb\"},\"inLanguage\":\"es\",\"potentialAction\":[{\"@type\":\"ReadAction\",\"target\":[\"https:\\\/\\\/ferreteriaaldia.com\\\/shop\\\/producto\\\/sifon-grival-en-p-cromado\\\/\"]}]},{\"@type\":\"ImageObject\",\"inLanguage\":\"es\",\"@id\":\"https:\\\/\\\/ferreteriaaldia.com\\\/shop\\\/producto\\\/sifon-grival-en-p-cromado\\\/#primaryimage\",\"url\":\"https:\\\/\\\/ferreteriaaldia.com\\\/shop\\\/wp-content\\\/uploads\\\/2026\\\/05\\\/SIFON-GRIVAL-EN-P-CROMADO-Al-dia.jpg\",\"contentUrl\":\"https:\\\/\\\/ferreteriaaldia.com\\\/shop\\\/wp-content\\\/uploads\\\/2026\\\/05\\\/SIFON-GRIVAL-EN-P-CROMADO-Al-dia.jpg\",\"width\":622,\"height\":462},{\"@type\":\"BreadcrumbList\",\"@id\":\"https:\\\/\\\/ferreteriaaldia.com\\\/shop\\\/producto\\\/sifon-grival-en-p-cromado\\\/#breadcrumb\",\"itemListElement\":[{\"@type\":\"ListItem\",\"position\":1,\"name\":\"Inicio\",\"item\":\"https:\\\/\\\/ferreteriaaldia.com\\\/shop\\\/\"},{\"@type\":\"ListItem\",\"position\":2,\"name\":\"Tienda\",\"item\":\"https:\\\/\\\/ferreteriaaldia.com\\\/shop\\\/\"},{\"@type\":\"ListItem\",\"position\":3,\"name\":\"SIF\u00d3N GRIVAL EN P CROMADO\"}]},{\"@type\":\"WebSite\",\"@id\":\"https:\\\/\\\/ferreteriaaldia.com\\\/shop\\\/#website\",\"url\":\"https:\\\/\\\/ferreteriaaldia.com\\\/shop\\\/\",\"name\":\"Ferreteria al Dia\",\"description\":\"\",\"publisher\":{\"@id\":\"https:\\\/\\\/ferreteriaaldia.com\\\/shop\\\/#organization\"},\"potentialAction\":[{\"@type\":\"SearchAction\",\"target\":{\"@type\":\"EntryPoint\",\"urlTemplate\":\"https:\\\/\\\/ferreteriaaldia.com\\\/shop\\\/?s={search_term_string}\"},\"query-input\":{\"@type\":\"PropertyValueSpecification\",\"valueRequired\":true,\"valueName\":\"search_term_string\"}}],\"inLanguage\":\"es\"},{\"@type\":\"Organization\",\"@id\":\"https:\\\/\\\/ferreteriaaldia.com\\\/shop\\\/#organization\",\"name\":\"Ferreteria al Dia\",\"url\":\"https:\\\/\\\/ferreteriaaldia.com\\\/shop\\\/\",\"logo\":{\"@type\":\"ImageObject\",\"inLanguage\":\"es\",\"@id\":\"https:\\\/\\\/ferreteriaaldia.com\\\/shop\\\/#\\\/schema\\\/logo\\\/image\\\/\",\"url\":\"https:\\\/\\\/ferreteriaaldia.com\\\/shop\\\/wp-content\\\/uploads\\\/2026\\\/05\\\/logo-44.png\",\"contentUrl\":\"https:\\\/\\\/ferreteriaaldia.com\\\/shop\\\/wp-content\\\/uploads\\\/2026\\\/05\\\/logo-44.png\",\"width\":320,\"height\":91,\"caption\":\"Ferreteria al Dia\"},\"image\":{\"@id\":\"https:\\\/\\\/ferreteriaaldia.com\\\/shop\\\/#\\\/schema\\\/logo\\\/image\\\/\"}}]}<\/script>\n<!-- \/ Yoast SEO plugin. -->","yoast_head_json":{"title":"SIF\u00d3N GRIVAL EN P CROMADO - Ferreteria al Dia","robots":{"index":"index","follow":"follow","max-snippet":"max-snippet:-1","max-image-preview":"max-image-preview:large","max-video-preview":"max-video-preview:-1"},"canonical":"https:\/\/ferreteriaaldia.com\/shop\/producto\/sifon-grival-en-p-cromado\/","og_locale":"es_ES","og_type":"article","og_title":"SIF\u00d3N GRIVAL EN P CROMADO - Ferreteria al Dia","og_description":"F\u00e1cil proceso de instalaci\u00f3n. Incluye adaptador r\u00edgido para instalaci\u00f3n a pared. Acabado cromado de alta resistencia y durabilidad. Escudo de di\u00e1metro amplio para cubrir imperfecciones en la pared durante la instalaci\u00f3n \u00a0Ficha T\u00e9cnica CUIDADOS DE LIMPIEZA La limpieza profunda del producto se debe hacer \u00fanicamente con agua y jab\u00f3n suave, para el secado y brillo [&hellip;]","og_url":"https:\/\/ferreteriaaldia.com\/shop\/producto\/sifon-grival-en-p-cromado\/","og_site_name":"Ferreteria al Dia","article_modified_time":"2026-05-10T01:09:36+00:00","og_image":[{"width":622,"height":462,"url":"https:\/\/ferreteriaaldia.com\/shop\/wp-content\/uploads\/2026\/05\/SIFON-GRIVAL-EN-P-CROMADO-Al-dia.jpg","type":"image\/jpeg"}],"twitter_card":"summary_large_image","twitter_misc":{"Tiempo de lectura":"1 minuto"},"schema":{"@context":"https:\/\/schema.org","@graph":[{"@type":"WebPage","@id":"https:\/\/ferreteriaaldia.com\/shop\/producto\/sifon-grival-en-p-cromado\/","url":"https:\/\/ferreteriaaldia.com\/shop\/producto\/sifon-grival-en-p-cromado\/","name":"SIF\u00d3N GRIVAL EN P CROMADO - Ferreteria al Dia","isPartOf":{"@id":"https:\/\/ferreteriaaldia.com\/shop\/#website"},"primaryImageOfPage":{"@id":"https:\/\/ferreteriaaldia.com\/shop\/producto\/sifon-grival-en-p-cromado\/#primaryimage"},"image":{"@id":"https:\/\/ferreteriaaldia.com\/shop\/producto\/sifon-grival-en-p-cromado\/#primaryimage"},"thumbnailUrl":"https:\/\/ferreteriaaldia.com\/shop\/wp-content\/uploads\/2026\/05\/SIFON-GRIVAL-EN-P-CROMADO-Al-dia.jpg","datePublished":"2026-05-10T01:09:29+00:00","dateModified":"2026-05-10T01:09:36+00:00","breadcrumb":{"@id":"https:\/\/ferreteriaaldia.com\/shop\/producto\/sifon-grival-en-p-cromado\/#breadcrumb"},"inLanguage":"es","potentialAction":[{"@type":"ReadAction","target":["https:\/\/ferreteriaaldia.com\/shop\/producto\/sifon-grival-en-p-cromado\/"]}]},{"@type":"ImageObject","inLanguage":"es","@id":"https:\/\/ferreteriaaldia.com\/shop\/producto\/sifon-grival-en-p-cromado\/#primaryimage","url":"https:\/\/ferreteriaaldia.com\/shop\/wp-content\/uploads\/2026\/05\/SIFON-GRIVAL-EN-P-CROMADO-Al-dia.jpg","contentUrl":"https:\/\/ferreteriaaldia.com\/shop\/wp-content\/uploads\/2026\/05\/SIFON-GRIVAL-EN-P-CROMADO-Al-dia.jpg","width":622,"height":462},{"@type":"BreadcrumbList","@id":"https:\/\/ferreteriaaldia.com\/shop\/producto\/sifon-grival-en-p-cromado\/#breadcrumb","itemListElement":[{"@type":"ListItem","position":1,"name":"Inicio","item":"https:\/\/ferreteriaaldia.com\/shop\/"},{"@type":"ListItem","position":2,"name":"Tienda","item":"https:\/\/ferreteriaaldia.com\/shop\/"},{"@type":"ListItem","position":3,"name":"SIF\u00d3N GRIVAL EN P CROMADO"}]},{"@type":"WebSite","@id":"https:\/\/ferreteriaaldia.com\/shop\/#website","url":"https:\/\/ferreteriaaldia.com\/shop\/","name":"Ferreteria al Dia","description":"","publisher":{"@id":"https:\/\/ferreteriaaldia.com\/shop\/#organization"},"potentialAction":[{"@type":"SearchAction","target":{"@type":"EntryPoint","urlTemplate":"https:\/\/ferreteriaaldia.com\/shop\/?s={search_term_string}"},"query-input":{"@type":"PropertyValueSpecification","valueRequired":true,"valueName":"search_term_string"}}],"inLanguage":"es"},{"@type":"Organization","@id":"https:\/\/ferreteriaaldia.com\/shop\/#organization","name":"Ferreteria al Dia","url":"https:\/\/ferreteriaaldia.com\/shop\/","logo":{"@type":"ImageObject","inLanguage":"es","@id":"https:\/\/ferreteriaaldia.com\/shop\/#\/schema\/logo\/image\/","url":"https:\/\/ferreteriaaldia.com\/shop\/wp-content\/uploads\/2026\/05\/logo-44.png","contentUrl":"https:\/\/ferreteriaaldia.com\/shop\/wp-content\/uploads\/2026\/05\/logo-44.png","width":320,"height":91,"caption":"Ferreteria al Dia"},"image":{"@id":"https:\/\/ferreteriaaldia.com\/shop\/#\/schema\/logo\/image\/"}}]}},"_links":{"self":[{"href":"https:\/\/ferreteriaaldia.com\/shop\/wp-json\/wp\/v2\/product\/961","targetHints":{"allow":["GET"]}}],"collection":[{"href":"https:\/\/ferreteriaaldia.com\/shop\/wp-json\/wp\/v2\/product"}],"about":[{"href":"https:\/\/ferreteriaaldia.com\/shop\/wp-json\/wp\/v2\/types\/product"}],"replies":[{"embeddable":true,"href":"https:\/\/ferreteriaaldia.com\/shop\/wp-json\/wp\/v2\/comments?post=961"}],"version-history":[{"count":0,"href":"https:\/\/ferreteriaaldia.com\/shop\/wp-json\/wp\/v2\/product\/961\/revisions"}],"wp:featuredmedia":[{"embeddable":true,"href":"https:\/\/ferreteriaaldia.com\/shop\/wp-json\/wp\/v2\/media\/990"}],"wp:attachment":[{"href":"https:\/\/ferreteriaaldia.com\/shop\/wp-json\/wp\/v2\/media?parent=961"}],"wp:term":[{"taxonomy":"product_brand","embeddable":true,"href":"https:\/\/ferreteriaaldia.com\/shop\/wp-json\/wp\/v2\/product_brand?post=961"},{"taxonomy":"product_cat","embeddable":true,"href":"https:\/\/ferreteriaaldia.com\/shop\/wp-json\/wp\/v2\/product_cat?post=961"},{"taxonomy":"product_tag","embeddable":true,"href":"https:\/\/ferreteriaaldia.com\/shop\/wp-json\/wp\/v2\/product_tag?post=961"}],"curies":[{"name":"wp","href":"https:\/\/api.w.org\/{rel}","templated":true}]}}

SIFÓN GRIVAL EN P CROMADO

<ul>
<li>Fácil proceso de instalación.</li>
<li>Incluye adaptador rígido para instalación a pared.</li>
<li>Acabado cromado de alta resistencia y durabilidad.</li>
<li>Escudo de diámetro amplio para cubrir imperfecciones en la pared durante la instalación</li>
</ul>
<h4><a href="https://ferreteriaaldia.com/wp-content/uploads/2020/10/Ficha-Técnica-SIFÓN-GRIVAL-EN-P-CROMADO-Al-día.pdf" target="_blank" rel="noopener noreferrer"><img decoding="async" class="alignnone wp-image-4010" src="https://ferreteriaaldia.com/wp-content/uploads/2020/08/27-300x300.png" alt="" width="50" height="50" /></a> Ficha Técnica</h4>
<h4>CUIDADOS DE LIMPIEZA</h4>
<p>La limpieza profunda del producto se debe hacer únicamente con agua y jabón suave, para el secado y brillo se debe utilizar un paño de algodón limpio. Dicha limpieza se recomienda 2 veces por semana y en zonas costeras a diario por la salinidad del ambiente. Por ningún motivo debe usarse elementos abrasivos, ácidos o disolventes.</p>

<p>Fácil proceso de instalación. Incluye adaptador rígido para instalación a pared. Acabado cromado de alta resistencia y durabilidad. Escudo de diámetro amplio para cubrir imperfecciones en la pared durante la instalación  Ficha Técnica CUIDADOS DE LIMPIEZA La limpieza profunda del producto se debe hacer únicamente con agua y jabón suave, para el secado y brillo [&hellip;]</p>

<!-- This site is optimized with the Yoast SEO plugin v27.5 - https://yoast.com/product/yoast-seo-wordpress/ -->
<title>SIFÓN GRIVAL EN P CROMADO - Ferreteria al Dia</title>
<meta name="robots" content="index, follow, max-snippet:-1, max-image-preview:large, max-video-preview:-1" />
<link rel="canonical" href="https://ferreteriaaldia.com/shop/producto/sifon-grival-en-p-cromado/" />
<meta property="og:locale" content="es_ES" />
<meta property="og:type" content="article" />
<meta property="og:title" content="SIFÓN GRIVAL EN P CROMADO - Ferreteria al Dia" />
<meta property="og:description" content="Fácil proceso de instalación. Incluye adaptador rígido para instalación a pared. Acabado cromado de alta resistencia y durabilidad. Escudo de diámetro amplio para cubrir imperfecciones en la pared durante la instalación  Ficha Técnica CUIDADOS DE LIMPIEZA La limpieza profunda del producto se debe hacer únicamente con agua y jabón suave, para el secado y brillo [&hellip;]" />
<meta property="og:url" content="https://ferreteriaaldia.com/shop/producto/sifon-grival-en-p-cromado/" />
<meta property="og:site_name" content="Ferreteria al Dia" />
<meta property="article:modified_time" content="2026-05-10T01:09:36+00:00" />
<meta property="og:image" content="https://ferreteriaaldia.com/shop/wp-content/uploads/2026/05/SIFON-GRIVAL-EN-P-CROMADO-Al-dia.jpg" />
	<meta property="og:image:width" content="622" />
	<meta property="og:image:height" content="462" />
	<meta property="og:image:type" content="image/jpeg" />
<meta name="twitter:card" content="summary_large_image" />
<meta name="twitter:label1" content="Tiempo de lectura" />
	<meta name="twitter:data1" content="1 minuto" />
<script type="application/ld+json" class="yoast-schema-graph">{"@context":"https:\/\/schema.org","@graph":[{"@type":"WebPage","@id":"https:\/\/ferreteriaaldia.com\/shop\/producto\/sifon-grival-en-p-cromado\/","url":"https:\/\/ferreteriaaldia.com\/shop\/producto\/sifon-grival-en-p-cromado\/","name":"SIFÓN GRIVAL EN P CROMADO - Ferreteria al Dia","isPartOf":{"@id":"https:\/\/ferreteriaaldia.com\/shop\/#website"},"primaryImageOfPage":{"@id":"https:\/\/ferreteriaaldia.com\/shop\/producto\/sifon-grival-en-p-cromado\/#primaryimage"},"image":{"@id":"https:\/\/ferreteriaaldia.com\/shop\/producto\/sifon-grival-en-p-cromado\/#primaryimage"},"thumbnailUrl":"https:\/\/ferreteriaaldia.com\/shop\/wp-content\/uploads\/2026\/05\/SIFON-GRIVAL-EN-P-CROMADO-Al-dia.jpg","datePublished":"2026-05-10T01:09:29+00:00","dateModified":"2026-05-10T01:09:36+00:00","breadcrumb":{"@id":"https:\/\/ferreteriaaldia.com\/shop\/producto\/sifon-grival-en-p-cromado\/#breadcrumb"},"inLanguage":"es","potentialAction":[{"@type":"ReadAction","target":["https:\/\/ferreteriaaldia.com\/shop\/producto\/sifon-grival-en-p-cromado\/"]}]},{"@type":"ImageObject","inLanguage":"es","@id":"https:\/\/ferreteriaaldia.com\/shop\/producto\/sifon-grival-en-p-cromado\/#primaryimage","url":"https:\/\/ferreteriaaldia.com\/shop\/wp-content\/uploads\/2026\/05\/SIFON-GRIVAL-EN-P-CROMADO-Al-dia.jpg","contentUrl":"https:\/\/ferreteriaaldia.com\/shop\/wp-content\/uploads\/2026\/05\/SIFON-GRIVAL-EN-P-CROMADO-Al-dia.jpg","width":622,"height":462},{"@type":"BreadcrumbList","@id":"https:\/\/ferreteriaaldia.com\/shop\/producto\/sifon-grival-en-p-cromado\/#breadcrumb","itemListElement":[{"@type":"ListItem","position":1,"name":"Inicio","item":"https:\/\/ferreteriaaldia.com\/shop\/"},{"@type":"ListItem","position":2,"name":"Tienda","item":"https:\/\/ferreteriaaldia.com\/shop\/"},{"@type":"ListItem","position":3,"name":"SIFÓN GRIVAL EN P CROMADO"}]},{"@type":"WebSite","@id":"https:\/\/ferreteriaaldia.com\/shop\/#website","url":"https:\/\/ferreteriaaldia.com\/shop\/","name":"Ferreteria al Dia","description":"","publisher":{"@id":"https:\/\/ferreteriaaldia.com\/shop\/#organization"},"potentialAction":[{"@type":"SearchAction","target":{"@type":"EntryPoint","urlTemplate":"https:\/\/ferreteriaaldia.com\/shop\/?s={search_term_string}"},"query-input":{"@type":"PropertyValueSpecification","valueRequired":true,"valueName":"search_term_string"}}],"inLanguage":"es"},{"@type":"Organization","@id":"https:\/\/ferreteriaaldia.com\/shop\/#organization","name":"Ferreteria al Dia","url":"https:\/\/ferreteriaaldia.com\/shop\/","logo":{"@type":"ImageObject","inLanguage":"es","@id":"https:\/\/ferreteriaaldia.com\/shop\/#\/schema\/logo\/image\/","url":"https:\/\/ferreteriaaldia.com\/shop\/wp-content\/uploads\/2026\/05\/logo-44.png","contentUrl":"https:\/\/ferreteriaaldia.com\/shop\/wp-content\/uploads\/2026\/05\/logo-44.png","width":320,"height":91,"caption":"Ferreteria al Dia"},"image":{"@id":"https:\/\/ferreteriaaldia.com\/shop\/#\/schema\/logo\/image\/"}}]}</script>
<!-- / Yoast SEO plugin. -->

SIFÓN GRIVAL EN P CROMADO - Ferreteria al Dia

Fácil proceso de instalación. Incluye adaptador rígido para instalación a pared. Acabado cromado de alta resistencia y durabilidad. Escudo de diámetro amplio para cubrir imperfecciones en la pared durante la instalación  Ficha Técnica CUIDADOS DE LIMPIEZA La limpieza profunda del producto se debe hacer únicamente con agua y jabón suave, para el secado y brillo [&hellip;]
